 + 6*h + 6. Let p(j) = -13 + 5*j**3 - 4*j**3 + j + 8*j**2 + 17. Let f be p(-8). Determine d(f).
-2
Let k(q) be the second derivative of -2*q**3/3 + q**2 - q - 7. Calculate k(3).
-10
Let l(b) = -b**3 + 7*b**2 + 19*b - 14. Let x be l(9). Let q(y) = -y**3 - 4*y**2 + 7*y + 7. What is q(x)?
-3
Let d(s) = -2*s + 4. Let v(h) = -7*h - 52. Let j be v(-7). Give d(j).
10
Suppose 0*p = -p - 3. Let n(t) = 2*t - 2. Determine n(p).
-8
Let p(j) = j**2 + 2*j - 3. Suppose -14 + 2 = 3*r. What is p(r)?
5
Let k(a) = 3*a**2 + 6. Let r(i) = -4*i**2 - 7. Let g(v) = 6*k(v) + 5*r(v). Give g(2).
-7
Let w(d) = -d**2 + d. Let i(a) = -a - 1. Let h(s) = -3*i(s) - w(s). Suppose -4*n - 13 + 5 = 0. What is h(n)?
3
Suppose -y + 0*y + 4 = 0. Suppose -y*r = -7*r + 15. Let b(p) = 4*p**2 - 3*p**3 - p**2 + r*p**3 - 2. Determine b(-2).
-6
Let h = -5 + 5. Let y be (2 - h - 1)*0. Let u(m) = -m + 1. Give u(y).
1
Let k be (-16)/32*(-12)/(-1). Let l(p) be the third derivative of -p**6/120 - p**5/10 + 7*p**3/6 - p**2. Calculate l(k).
7
Suppose 0*r - 10 = -5*r. Let n(q) = 0*q**2 - 3*q - 1 + 2*q - 3*q**2 - 2*q**r. Suppose 0 = 3*c + 3*x + 6 + 6, -3*x - 4 = -5*c. What is n(c)?
-5
Let o(x) = 41*x**3 + 13*x**2 + 4*x + 9. Let s(p) = 10*p**3 + 3*p**2 + p + 2. Let z(m) = 2*o(m) - 9*s(m). Determine z(-1).
8
Let s be (-2)/(-10) + (-209)/(-55). Suppose t - 8 = -t. Let k(v) = -v - 3 + t + 4. Calculate k(s).
1
Let f(i) = -i**2 + i - 1. Let q(n) = -n**3 + 10*n**2 - 8*n - 5. Let h(g) = 3*f(g) + q(g). Give h(6).
-2
Let f(s) = s**3 - 3*s**2 - 2*s + 1. Suppose 0 = -4*l + 11 + 1. What is f(l)?
-5
Let v(c) be the third derivative of c**5/60 - c**4/8 - 2*c**3/3 + 15*c**2. Let l = 0 - -4. Calculate v(l).
0
Let q(z) = -9 + 4*z**2 - z**3 + 6*z + z**2 + 2*z. Let x = -15 + 21. Give q(x).
3
Let i(z) = -13*z**3 - 21*z**2 - 19*z + 2. Let l(r) = -7*r**3 - 11*r**2 - 10*r + 1. Let g(q) = -6*i(q) + 11*l(q). What is g(-5)?
-21
Let m(j) be the first derivative of j**4/12 - j**3/3 + j**2 + 2. Let c(r) be the second derivative of m(r). Calculate c(3).
4
Let a(j) be the third derivative of j**5/60 + j**4/8 - j**3/3 - 9*j**2. Suppose -4*q - 3*s + 17 = 0, 0 = -3*q - 5*s + 4 + 17. Calculate a(q).
8
Suppose 5 = p + 3. Let v(r) = 2 + 10*r**p + 10*r**2 - 19*r**2 + 4*r. Determine v(-5).
7
Let f be 1/5*2*-5. Let t(v) = -3*v. What is t(f)?
6
Let a(k) = -3*k - 3. Suppose 1 + 3 = -4*p. Let u = p - -3. Let q be u/5 + 102/(-30). Give a(q).
6
Let g(x) = 5 - 51*x - 2 + 52*x. Determine g(-6).
-3
Let v = -11 - -16. Let c(b) = -b**2 + 6*b. Let p = -4 + 6. Let l(i) = -i + 1. Let d(y) = p*l(y) + c(y). What is d(v)?
-3
Let a(z) be the first derivative of z**2/2 - 3*z - 2. Suppose -q + 1 = -2*l - 3, 5*q + 2*l + 4 = 0. What is a(q)?
-3
Let g(c) = -c - 3. Let v(p) = -2*p - 1. Let o be v(-5). Suppose 4*x - 7*x - o = 0. What is g(x)?
0
Let y(v) = -1 + v**2 - v + 2*v**2 + 0*v - 2*v**2. Let r(h) be the first derivative of 2*h**3/3 - h - 1. Let x(j) = -r(j) + y(j). Calculate x(-1).
0
Let u = -4 - 0. Let a(w) = -2 - 9 + 18 - 12 - w. Give a(u).
-1
Let v(f) = -f**2 - f + 1. Let n = -7 - -10. Suppose o - 4 = n*o. What is v(o)?
-1
Let u(y) be the second derivative of 7*y**5/20 - y**4/6 + y**2/2 + 13*y. Give u(1).
6
Suppose 8*s = 3*s + 2*r + 6, -4*s + 6 = -r. Let a be 1 - s - (4 + -11). Let c(u) = 2*u + a - 2 + 2. Give c(-4).
-2
Let u(a) = -5*a - 11. Let j(o) = 2*o + 5. Let t(g) = 7*j(g) + 3*u(g). Give t(5).
-3
Let p(g) = 10 + 114*g - 230*g + 112*g. Give p(4).
-6
Let a(m) = 36*m + 21. Let i(h) = 5*h - 3*h + 4 + 5*h + 0*h. Let b(k) = -4*a(k) + 21*i(k). Calculate b(-1).
-3
Suppose -c - 2 + 1 = 0. Let z(j) be the first derivative of 7*j**3/3 + j**2/2 + j + 1. Calculate z(c).
7
Suppose c + 6 = 4*c. Let z(x) be the first derivative of -2 - 5*x - 1/2*x**c. Determine z(-4).
-1
Suppose -3*k + 2*k - 10 = 0. Let u(g) = -g**3 - 11*g**2 - 9*g + 12. Let p be u(k). Let y(b) = -b**2 + b - 1. Determine y(p).
-3
Let g(f) = f**2 - 7*f + 6. Let b = 7 - 3. Determine g(b).
-6
Let z(f) = 2*f**3 + 1. Let o(y) = -2*y**3 - 1. Let x(i) = -3*o(i) - 2*z(i). Suppose 0*b + 4 = 2*b, t - 2*b = -5. Calculate x(t).
-1
Let l(y) = 4*y + 1. Let d(t) = t**3 - 11*t**2 - 13*t + 5. Let a be d(12). Determine l(a).
-27
Let r(g) = -g**3 + 6*g**2 - 5*g + 1. Let q be r(5). Let p(y) = 3*y + 3*y - 3*y - q - 2*y. Let l be (-1 - (4 - 2)) + 1. Give p(l).
-3
Let d(w) = -2*w**2 - 3*w - 6. Let k(s) = 3*s - 2. Let l(m) = 2*m - 1. Let c(p) = 3*k(p) - 5*l(p). Let v(b) = -5*c(b) + d(b). Let o = 6 - 4. Determine v(o).
-5
Let h(z) be the second derivative of z**4/12 - z**3/6 - 5*z**2/2 + 8*z. Calculate h(-4).
15
Let k = -8 + 11. Let w(g) = -1 - 2*g**2 + g**k + 2*g**2 + 2*g**2 - 2*g. What is w(-2)?
3
Let n(h) be the first derivative of -h**4/4 + 8*h**3/3 - 7*h**2/2 + 5*h + 5. Give n(7).
5
Let c = -3 - -9. Let n(d) = 11*d - 8. Let o(i) = -10*i + 7. Let h(l) = c*n(l) + 7*o(l). Give h(-1).
5
Suppose 10 = 4*d + 42. Let y be d/(-6) + 8/(-24). Let v(g) = 3*g**3 + g**2. Determine v(y).
4
Let c(q) = -5*q**2 + 9*q - 7. Let s(g) = -2*g**2 + 5*g - 4. Let k(n) = -3*c(n) + 5*s(n). Determine k(1).
4
Let p(x) = 6*x**2 - x + 1. Let j(h) = -h**2 - h - 1. Let l(c) = 5*j(c) + p(c). Determine l(7).
3
Suppose 0 = t - 3 + 1. Let p(f) = -t + 4 - f + 6*f - 1. Determine p(-2).
-9
Let d(f) = -f**2 - 7*f - 2. Let x = -6 + 3. Let y(r) = -18*r - 6. Let m(w) = -6*w - 2. Let u(c) = x*y(c) + 8*m(c). Let b(g) = 4*d(g) + 5*u(g). Determine b(2).
-10
Let z be (-1 - 0)*0/7. Suppose 2*i = -6 - z. Let n(q) = -q**3 - 3*q**2 + q - 2. Determine n(i).
-5
Let z(h) be the second derivative of h**4/12 - 2*h**3/3 + h**2 + 15*h. What is z(6)?
14
Let w(b) be the third derivative of b**6/120 + b**5/20 + b**4/12 + 24*b**2. Give w(-2).
0
Let v(c) = -c + 1. Let r = 12 - 18. Let x(j) = -3*j**2 - 22*j + 9. Let k(h) = -2*h**2 - 15*h + 6. Let a(f) = -7*k(f) + 5*x(f). Let z be a(r). Determine v(z).
4
Let o(r) = -4*r**2 + 2*r**3 - r**3 - 4 - 18*r + 5 + 14*r. Calculate o(4).
-15
Let j(t) = t + 5. Let a be ((-3 - -2) + -2)*2. Determine j(a).
-1
Let r(t) be the second derivative of -t**3/6 + t**2 + 6*t. Give r(-3).
5
Suppose 0 = q + 4*q - 40. Let j(w) = 0 - 11*w - 9 + q. Determine j(-1).
10
Let h(v) = v**3 + 7*v**2 - 10*v - 18. Let t be h(-8). Let d(q) = -2*q - 3. Give d(t).
1
Let b(o) = -o**2 - o - 1. Let p(i) = i + 5. Let c be p(-3). Let j(r) = -3 + 5 - r + 3*r**2 + c. Let v(h) = -4*b(h) - j(h). What is v(-4)?
-4
Let k = 3 + -3. Let o(y) = -y + 2. Let g be (-2)/2 - (1 + 0). Let n(s) = -s + 2. Let u(h) = g*n(h) + 3*o(h). What is u(k)?
2
Let y(m) = -3 - 2 + 2 + 2*m. Let t = -23 + 25. Determine y(t).
1
Let v(o) = o**3 + 3*o**2 - 2*o. Suppose f = 3*h + 5*f - 3, 3 = h + 2*f. Calculate v(h).
6
Let j(g) = -5*g**2 - 1. Let x = 4 - 0. Suppose b = -3*b + x. Calculate j(b).
-6
Suppose 2 = -3*c + 11. Let p(q) = q**2 - q. Let m be p(1). Let a(u) = 4*u**2 - 2*u - u**3 + m*u**3 + 0*u**3 + 2 + 0*u**2. Give a(c).
5
Let q(r) be the first derivative of -8*r**3/3 - r**2/2 + 2*r + 45. Determine q(-2).
-28
Let y = 5 - 8. Let v(n) = -2 - n**2 + 6 - n - 2. What is v(y)?
-4
Suppose -2*i = -4*i - 10. Let p(h) = 4*h**3 + 4*h**2 - 4*h. Let z(f) = 5*f**3 + 6*f**2 - 4*f - 1. Let x(o) = -6*p(o) + 5*z(o). Calculate x(i).
0
Let j(s) = -s**2 - 8*s - 3. Let y be j(-8). Let u(b) = 2*b. What is u(y)?
-6
Let x be (-5)/(2 + -1) + 0. Let q(y) be the second derivative of -y**5/20 - 5*y**4/12 - y**3/2 - 3*y**2 - 41*y. Calculate q(x).
9
Let j = 144 + -150. Let d(m) be the first derivative of -m**4/4 - 5*m**3/3 + 5*m**2/2 - 3*m + 1. What is d(j)?
3
Let n(j) = -2*j - 2. Suppose 36 + 0 = -6*v. What is n(v)?
10
Let r(o) = -7*o**3 + 4*o**2 - o + 4. Let f(c) = -2*c**3 + c**2 - c + 1. Let w(p) = 3*f(p) - r(p). Calculate w(2).
-1
Let v = 1 + -1. Suppose -f = -2*f + 2*g - 5, v = 3*f + g + 1. Let p(j) = -2*j**2 - 1. What is p(f)?
-3
Let h(c) = -c**2 + 3*c - 4*c + 5*c + 2. Let j be (-10)/(-4) - 1/(-2). Determine h(j).
5
Let h(i) = 3*i + 1. Let z(k) = 3*k + 2. Let n(t) = -3*h(t) + 4*z(t). Let w(p) = -4*p - 5. Let r(l) = 5*n(l) + 4*w(l). Determine r(0).
5
Let i(r) = 2*r**2 - 6 - 3*r**2 + r + 0*r**2 - 6*r. Let s = -8 + 4. Calculate i(s).
-2
Let l be 3 - 0/(-3) - 3. Suppose x = -l*x. Let a(o) = -4*o + 0*o**3 + o**3 + 1 + o**2 + x. Determine a(-3).
-5
Let a(v) be the second derivative of -7*v**5/20 - v**4/12 - 3*v. Determine a(-1).
6